{"id":118,"date":"2017-07-05T10:58:32","date_gmt":"2017-07-05T10:58:32","guid":{"rendered":"https:\/\/uxlthemes.com\/demo\/trusted\/?page_id=118"},"modified":"2021-01-22T14:22:32","modified_gmt":"2021-01-22T18:22:32","slug":"feature-3","status":"publish","type":"page","link":"https:\/\/bluelaserbo.com\/index.php\/feature-3\/","title":{"rendered":"Cotizaciones"},"content":{"rendered":"<ul>\n<li>\n<h5><b>Con absoluta confidencialidad, env\u00edanos toda la informaci\u00f3n que puedas acerca de lo que deseas crear. Esta fase es fundamental para el \u00e9xito del proyecto. Partimos de ficheros vectoriales que nos indicaran que es lo que quieres hacer.<\/b><\/h5>\n<\/li>\n<li>\n<h5><b>Podemos ayudarte: creatividad, materiales, especificaciones t\u00e9cnicas de los documentos, acabados\u2026 juntos es m\u00e1s f\u00e1cil. Trabajamos para que tu proyecto est\u00e9 listo cuando lo necesites.<\/b><\/h5>\n<\/li>\n<li>\n<h5><b>Proyecto grande o peque\u00f1o, no importa. El presupuesto se estima en funci\u00f3n del tiempo de uso de m\u00e1quina, sumando, si es necesario: materiales, dise\u00f1o y manipulado. Cuando todo est\u00e9 claro cerraremos tu presupuesto.<\/b><\/h5>\n<\/li>\n<li>\n<h5><b>Si te gusta nuestra propuesta\u2026 \u00a1manos a la obra, empezamos! Trabajo r\u00e1pido y eficaz. Lo importante es que nosotros solucionemos tus necesidades y planificaci\u00f3n.<\/b><\/h5>\n<\/li>\n<\/ul>\n\n\n<div class=\"wp-block-image\"><figure class=\"aligncenter size-large\"><img decoding=\"async\" width=\"841\" height=\"164\" src=\"https:\/\/bluelaserbo.com\/wp-content\/uploads\/2021\/01\/Imagen4.png\" alt=\"\" class=\"wp-image-3641\" srcset=\"https:\/\/bluelaserbo.com\/wp-content\/uploads\/2021\/01\/Imagen4.png 841w, https:\/\/bluelaserbo.com\/wp-content\/uploads\/2021\/01\/Imagen4-300x59.png 300w, https:\/\/bluelaserbo.com\/wp-content\/uploads\/2021\/01\/Imagen4-768x150.png 768w, https:\/\/bluelaserbo.com\/wp-content\/uploads\/2021\/01\/Imagen4-600x117.png 600w\" sizes=\"(max-width: 841px) 100vw, 841px\" \/><\/figure><\/div>\n\n\n\n<p>Si desea realizar una cotizaci\u00f3n, por favor complete el siguiente formulario y le responderemos lo antes posible.<\/p>\n\n\n\n<div class=\"wp-block-contact-form-7-contact-form-selector\"><div role=\"form\" class=\"wpcf7\" id=\"wpcf7-f3646-o1\" lang=\"es-ES\" dir=\"ltr\">\n<div class=\"screen-reader-response\"><p role=\"status\" aria-live=\"polite\" aria-atomic=\"true\"><\/p> <ul><\/ul><\/div>\n<form action=\"\/index.php\/wp-json\/wp\/v2\/pages\/118#wpcf7-f3646-o1\" method=\"post\" class=\"wpcf7-form init\" enctype=\"multipart\/form-data\" novalidate=\"novalidate\" data-status=\"init\">\n<div style=\"display: none;\">\n<input type=\"hidden\" name=\"_wpcf7\" value=\"3646\" \/>\n<input type=\"hidden\" name=\"_wpcf7_version\" value=\"5.6.2\" \/>\n<input type=\"hidden\" name=\"_wpcf7_locale\" value=\"es_ES\" \/>\n<input type=\"hidden\" name=\"_wpcf7_unit_tag\" value=\"wpcf7-f3646-o1\" \/>\n<input type=\"hidden\" name=\"_wpcf7_container_post\" value=\"0\" \/>\n<input type=\"hidden\" name=\"_wpcf7_posted_data_hash\" value=\"\" \/>\n<\/div>\n<p><label> Nombre:<br \/>\n    <span class=\"wpcf7-form-control-wrap\" data-name=\"your-name\"><input type=\"text\" name=\"your-name\" value=\"\" size=\"40\" class=\"wpcf7-form-control wpcf7-text wpcf7-validates-as-required\" aria-required=\"true\" aria-invalid=\"false\" \/><\/span> <\/label><\/p>\n<p><label> E-mail:<br \/>\n    <span class=\"wpcf7-form-control-wrap\" data-name=\"your-email\"><input type=\"email\" name=\"your-email\" value=\"\" size=\"40\" class=\"wpcf7-form-control wpcf7-text wpcf7-email wpcf7-validates-as-required wpcf7-validates-as-email\" aria-required=\"true\" aria-invalid=\"false\" \/><\/span> <\/label><\/p>\n<p><label> Tel\u00e9fono:<br \/>\n    <span class=\"wpcf7-form-control-wrap\" data-name=\"tel-718\"><input type=\"tel\" name=\"tel-718\" value=\"\" size=\"40\" class=\"wpcf7-form-control wpcf7-text wpcf7-tel wpcf7-validates-as-required wpcf7-validates-as-tel\" aria-required=\"true\" aria-invalid=\"false\" \/><\/span> <\/label><\/p>\n<p><label> Material:<br \/>\n    <span class=\"wpcf7-form-control-wrap\" data-name=\"Material\"><select name=\"Material\" class=\"wpcf7-form-control wpcf7-select wpcf7-validates-as-required\" aria-required=\"true\" aria-invalid=\"false\"><option value=\"\">---<\/option><option value=\"MDF\">MDF<\/option><option value=\"Acrilico Transparente\">Acrilico Transparente<\/option><option value=\"Acrilico Plateado\">Acrilico Plateado<\/option><option value=\"Acrilico Dorado\">Acrilico Dorado<\/option><option value=\"Acero Inox\">Acero Inox<\/option><option value=\"Otro\">Otro<\/option><\/select><\/span> <\/label><\/p>\n<p><label> Dimensiones:<br \/>\n    <span class=\"wpcf7-form-control-wrap\" data-name=\"Dimensiones\"><input type=\"text\" name=\"Dimensiones\" value=\"\" size=\"40\" class=\"wpcf7-form-control wpcf7-text wpcf7-validates-as-required\" aria-required=\"true\" aria-invalid=\"false\" \/><\/span> <\/label><\/p>\n<p><label> Cantidad:<br \/>\n    <span class=\"wpcf7-form-control-wrap\" data-name=\"Cantidad\"><input type=\"text\" name=\"Cantidad\" value=\"\" size=\"40\" class=\"wpcf7-form-control wpcf7-text wpcf7-validates-as-required\" aria-required=\"true\" aria-invalid=\"false\" \/><\/span> <\/label><\/p>\n<p><label> Descripci\u00f3n:<br \/>\n    <span class=\"wpcf7-form-control-wrap\" data-name=\"your-description\"><textarea name=\"your-description\" cols=\"40\" rows=\"10\" class=\"wpcf7-form-control wpcf7-textarea wpcf7-validates-as-required\" aria-required=\"true\" aria-invalid=\"false\"><\/textarea><\/span> <\/label><\/p>\n<p><label> Archivo:<br \/>\n    <span class=\"wpcf7-form-control-wrap\" data-name=\"file-818\"><input type=\"file\" name=\"file-818\" size=\"40\" class=\"wpcf7-form-control wpcf7-file wpcf7-validates-as-required\" accept=\"audio\/*,video\/*,image\/*\" aria-required=\"true\" aria-invalid=\"false\" \/><\/span> <\/label><\/p>\n<p><input type=\"submit\" value=\"Enviar\" class=\"wpcf7-form-control has-spinner wpcf7-submit\" \/><\/p>\n<div class=\"wpcf7-response-output\" aria-hidden=\"true\"><\/div><\/form><\/div><\/div>\n","protected":false},"excerpt":{"rendered":"<p>Env\u00edanos toda la informaci\u00f3n sobre tu requerimiento y te haremos llegar la cotizaci\u00f3n.<\/p>\n","protected":false},"author":1,"featured_media":0,"parent":0,"menu_order":0,"comment_status":"closed","ping_status":"closed","template":"","meta":{"_monsterinsights_skip_tracking":false,"_monsterinsights_sitenote_active":false,"_monsterinsights_sitenote_note":"","_monsterinsights_sitenote_category":0,"footnotes":""},"class_list":["post-118","page","type-page","status-publish","hentry"],"_links":{"self":[{"href":"https:\/\/bluelaserbo.com\/index.php\/wp-json\/wp\/v2\/pages\/118","targetHints":{"allow":["GET"]}}],"collection":[{"href":"https:\/\/bluelaserbo.com\/index.php\/wp-json\/wp\/v2\/pages"}],"about":[{"href":"https:\/\/bluelaserbo.com\/index.php\/wp-json\/wp\/v2\/types\/page"}],"author":[{"embeddable":true,"href":"https:\/\/bluelaserbo.com\/index.php\/wp-json\/wp\/v2\/users\/1"}],"replies":[{"embeddable":true,"href":"https:\/\/bluelaserbo.com\/index.php\/wp-json\/wp\/v2\/comments?post=118"}],"version-history":[{"count":6,"href":"https:\/\/bluelaserbo.com\/index.php\/wp-json\/wp\/v2\/pages\/118\/revisions"}],"predecessor-version":[{"id":3650,"href":"https:\/\/bluelaserbo.com\/index.php\/wp-json\/wp\/v2\/pages\/118\/revisions\/3650"}],"wp:attachment":[{"href":"https:\/\/bluelaserbo.com\/index.php\/wp-json\/wp\/v2\/media?parent=118"}],"curies":[{"name":"wp","href":"https:\/\/api.w.org\/{rel}","templated":true}]}}